7.
37
Suppose -1126 + 343 = -69*s + 183. What is the highest common divisor of s and 350?
14
Suppose 4*v - 5*b - 65 = 0, -6*v = -5*v + 3*b + 5. Let c be 1*(-1 + 2 + 13). Let z = v + c. What is the highest common factor of z and 8?
8
Let f = 97887 + -97876. Suppose -2*b = -b - 286. Calculate the highest common divisor of f and b.
11
Suppose 2*g + 4*y + 738 - 4534 = 0, -5*g + 9520 = 4*y. What is the highest common divisor of 144 and g?
36
Let t = -51 - -90. Let g = 21 + -31. Let f(r) = -2*r + 19. Let v be f(g). What is the highest common factor of v and t?
39
Suppose 4*v - 4*p - 11166 = v, -10*v - p + 37177 = 0. Calculate the highest common factor of 22 and v.
22
Let d = 9 - -7. Let l(w) = -100*w + 2724. Let t be l(13). What is the highest common divisor of t and d?
16
Suppose 0 = 9*h + 45 - 135. What is the greatest common factor of h and 190?
10
Let o be (-1 - 3 - 1)/(32/(-736)). Calculate the greatest common factor of o and 3933.
23
Suppose 11*z + 49 = 10*z. Let x = -35 - z. Suppose -u + 8 = -x. What is the highest common factor of 66 and u?
22
Suppose -31*c + 8*c - 39*c = -20026. Let j be ((-17)/(-2))/((-10)/(-20)). Calculate the greatest common divisor of j and c.
17
Let r = 12 - 0. Suppose 0 + r = 4*m. Let k(a) = a**3 - 4*a**2 + 8*a - 3. Let s be k(3). Calculate the greatest common divisor of s and m.
3
Let a = -730 - -802. Suppose 6 + 8 = w - 4*i, -2*w - i = -1. What is the greatest common divisor of a and w?
2
Let x(o) = -2*o - 32. Let d be x(-17). Suppose -2*h + 11 = -3*q - 2, -d*h + 53 = 5*q. Calculate the greatest common factor of 112 and h.
14
Suppose -126*s = 222 - 422 - 556. What is the greatest common factor of 729 and s?
3
Let n be ((-65)/(-10) + 0)*2. Suppose 8*s - 5*s - 12 = 0. Suppose s*t - 376 = 40. What is the highest common divisor of t and n?
13
Let j(a) = -143*a - 36. Let q be j(-8). Let v = -248 + q. Calculate the greatest common divisor of v and 86.
86
Let y be -294 - (3 - (0 + -1)). Let a = -174 - y. What is the highest common factor of 31 and a?
31
Let p = 214 + -210. Suppose 2*b + 140 = 73*w - 69*w, 0 = p*b. Let d = -8 + 13. What is the greatest common factor of w and d?
5
Let h(j) = j**2 - 32*j + 119. Let f be h(29). Suppose 7*y - f = 24. What is the greatest common divisor of 8 and y?
8
Let u be (-8)/6*(-11 - -8). Suppose 822 + 278 = u*c. Let i(o) = -78*o - 131. Let a be i(-2). What is the highest common divisor of a and c?
25
Let d(q) = -q**2 - 8*q - 7. Suppose 14*n - 20 = 19*n. Let c be d(n). Calculate the highest common factor of 243 and c.
9
Let c(u) = u**2 + 145*u - 7106. Let s be c(39). Let j = 309 + -219. Calculate the highest common factor of s and j.
10
Suppose -46*l - 40*l + 9345 - 2637 = 0. What is the highest common divisor of l and 2223?
39
Let i(y) = 48*y + 3. Let v be 18/8 - (-1)/(-4). Let z be i(v). Let f = -246 - -255. What is the greatest common divisor of f and z?
9
Let g = 747 + -414. Suppose -5*f = 5*u + 3 - 33, u - 12 = f. What is the greatest common factor of u and g?
9
Let z(g) = -5*g - 61. Suppose -16*f + 17*f + 19 = 0. Let w be z(f). Let v = 112 - w. What is the greatest common divisor of v and 52?
26
Suppose 90*v - 2156 = -281*v + 63*v. Let l be (2*1)/((-1)/(-112)). Calculate the highest common divisor of v and l.
7
Let f(a) = -a**3 + 7*a**2 + 9*a - 4. Let y be f(8). Let i be (-3)/y + 1 + 4977/252. Calculate the highest common divisor of 160 and i.
20
Suppose -3*n + w + 13 = 0, w + 7 = n + 2*w. Suppose -f + 2634 = 2*f - 3*v, n*f = 2*v + 4384. Let g = f - 524. Calculate the greatest common divisor of 32 and g.
32
Suppose 381*q = -109*q + 39200. Calculate the greatest common divisor of q and 184.
8
Let b be (0 + (-15)/10)*-252. Suppose 2*o + q = 3*q + 382, -2*o + q = -b. Suppose 0 = -7*p + 3*p + 68. What is the greatest common divisor of p and o?
17
Suppose 8389 + 5219 = 84*h. Calculate the highest common factor of 6102 and h.
54
Suppose -31 = -4*m + 193. Suppose -185*b = -183*b + 3*l - 51, 0 = 3*b - 4*l - 68. What is the greatest common factor of b and m?
8
Suppose 3*o - 863 = 9*a - 7*a, -o - 5*a + 316 = 0. What is the greatest common divisor of 29973 and o?
291
Let j = -206 - -231. Suppose -j = -f - 13. What is the greatest common divisor of f and 60?
12
Let n(v) = -69*v - 1836. Let l be n(-45). Calculate the greatest common divisor of l and 94.
47
Let c = -273 + 271. Let b(j) = -140*j - 16. Let m be b(c). What is the greatest common divisor of 11 and m?
11
Suppose 5*l = 6*l - 118. Let g = l - 116. What is the greatest common factor of g and 5?
1
Let c = 341 - 158. Suppose -t - 4*u + c = 0, 2*t - 371 = 5*u - 8*u. Let d = 417 - t. Calculate the greatest common factor of 23 and d.
23
Suppose 224 = 86*t - 84*t. Suppose 15*n + t = 31*n. Calculate the greatest common factor of n and 56.
7
Suppose 6*v - d = 2061, -v + 9*d + 338 = 7*d. What is the highest common divisor of 10750 and v?
86
Suppose -2*n + 4*k + 280 = 0, -3*n + 5*k = -0*k - 418. Suppose -7*d + 2*d + 40 = 0. Calculate the highest common factor of n and d.
8
Let s(p) = 289*p + 2515. Let v be s(13). What is the highest common factor of 96 and v?
32
Let g be 10/(-45) + (-6)/(-27). Suppose -10*s + 3*s - 7 = g. Let b be 14 + s + -4 + 3. Calculate the highest common divisor of 132 and b.
12
Suppose -440 = 47*d - 48*d. Let t = -414 + d. Calculate the greatest common divisor of t and 247.
13
Let b(q) = -6*q**2 + 12*q + 20. Let t be b(10). Let u = t - -592. What is the greatest common divisor of 88 and u?
44
Suppose -9048 = -5*g + 2*z - 1948, 2*z = -5*g + 7100. Calculate the greatest common factor of g and 160.
20
Suppose 60 = -16*o + 252. Let k = -6 - -10. Suppose 3*g - 319 = z, -113 = -k*g + 3*g - z. What is the greatest common factor of g and o?
12
Let l = -3820 + 4034. Calculate the greatest common factor of l and 2461.
107
Let l be 28 + -5 + 3 + 3. Let i = l - 18. Suppose i = 2*g - 9. What is the highest common divisor of 130 and g?
10
Suppose -u + 2*u = 2*n - 9, 5*n + 4*u = 3. Let w = n + 8. Let x = 37682 + -37660. What is the highest common divisor of x and w?
11
Suppose -4*o + 3*p = 799, 3*o + 392 = o + 4*p. Let d = 151 + o. Let k be d/34 + (-158)/(-4). Calculate the highest common factor of k and 57.
19
Suppose 7 - 85 = -13*c. Let q be 1/c + -2 + (-92)/(-24). Calculate the greatest common divisor of 18 and q.
2
Suppose -31*u - 87 + 1637 = 0. Let h be 6/(-12) + 38/4. Let o be 2*h/((-9)/(-10)). What is the greatest common divisor of u and o?
10
Let i = -35 + 53. Suppose -5*g = -4*s - 2445, 8*g - 3*s = 4*g + 1955. Let t = g + -323. What is the greatest common divisor of i and t?
18
Suppose -b = w - 209, 532*b - 533*b + 836 = 4*w. Calculate the highest common divisor of w and 1430.
11
Let u(x) be the third derivative of 1/3*x**3 + 0 + 0*x - 3*x**2 - 13/24*x**4. Let v be u(-2). What is the highest common factor of 308 and v?
28
Suppose 2*u - 2*w = 14106, 10462 = 4*u - 3*w - 17753. Let r be u/27*(-6)/(-4). What is the greatest common divisor of 8 and r?
8
Let s be 0 + (18 - 4) - 10. What is the greatest common divisor of s and 5756?
4
Let j be -1*((-15)/6)/(3/(-30)). Let i = j - -28. Suppose -i*o - o = -36. Calculate the greatest common divisor of 9 and o.
9
Let p be 4*4/12*(0 + -3). Let s be (-2 - p/4)/(1/63). Let z = -40 - s. What is the greatest common factor of z and 207?
23
Let q(c) be the second derivative of -3*c**5/20 + 41*c**4/12 - 5*c**3/3 - 35*c**2 - 287*c. Let f be q(13). Calculate the greatest common divisor of 184 and f.
46
Let p(k) = -k**2 - 38*k - 206. Let y be p(-29). Suppose -11*s = -10*s + 2*a - 57, -s + y = a. What is the highest common factor of 265 and s?
53
Let t be 13 - 13 - -3*10. Suppose 0 = x + 4*r - t + 4, -x + 5*r + 17 = 0. Calculate the highest common divisor of x and 132.
22
Suppose 90 = 5*z - 3*m, 28*z - 29*z = -4*m - 18. Let l(o) = 2*o - 33. Let h be l(z). What is the highest common divisor of h and 25?
1
Let u(k) = 6 + 3*k + k**2 - 18 - 3. Let z be u(3). What is the highest common factor of 201 and z?
3
Suppose 3*x - 1122 = -3*p, 3*x - 370 = -p + x. Suppose -1300 = -41*f + 422. What is the greatest common divisor of f and p?
42
Let y(v) = 28*v + 358. Let o be y(-13). Let m be 15/((o/7)/((-112)/196)). What is the greatest common factor of 30 and m?
10
Suppose r - 2*n - 1734 = 0, -76*n = 3*r - 77*n - 5